f(q) - m(q). Calculate r(7).
-13
Let s(a) = -118*a + 59*a + 3 + 60*a. Let q(m) = m**2 + 2. Let y(v) = -2*q(v) + s(v). Determine y(-2).
-11
Let o(q) = -7*q - 4 - 10 + 2 + 3*q. Let z(s) = 48*s + 4 - 1 - 45*s + 9. Let r(i) = 4*o(i) + 5*z(i). Calculate r(7).
5
Let v(u) be the second derivative of -12*u + 0 + 1/2*u**3 + 3/2*u**2. What is v(-2)?
-3
Let s(k) = k**3 + k**2 - 9*k + 4. Let v(x) = -2*x**3 + 17*x - 8. Let o(i) = 5*s(i) + 3*v(i). What is o(6)?
-4
Suppose -3*n - 2*q - 30 = 2*n, -5*n + 2*q = 30. Let g(z) = -5 + 4*z - 2*z + 2 - 2. Determine g(n).
-17
Suppose -n + 24 = -4*a, -2*n - 2*n - 2*a + 42 = 0. Let b be 34/6 + 4/n. Let d(c) = -c**3 + 5*c**2 + 7*c - 1. What is d(b)?
5
Let a(c) be the third derivative of 7*c**4/24 - 2*c**3/3 + 537*c**2. What is a(-5)?
-39
Let c(z) be the first derivative of z**3/3 + 3*z**2/2 - 6*z - 95. Suppose -19 = 5*a - 2*y, 2*a = -0*a + y - 7. Give c(a).
4
Let o(i) = i + 1. Suppose -4*p - 86 = 2*u, -5*p + 2*p = 2*u + 66. Let g(b) = 9*b + 237. Let q be g(-28). Let m = q - p. Determine o(m).
6
Suppose 5*c + 12 = -3*x - 31, -5*c - 75 = -5*x. Let f(u) = -u**3 - 12*u**2 - 10*u + 6. Determine f(c).
-5
Let s(o) = -4*o**2 - o - 1. Let f be s(-1). Let r(p) = p**3 + 6*p**2 + 3*p + 3. Let c be r(f). Let i(t) = 27 + 5*t - c - 4*t. Determine i(-5).
-1
Let z(b) = -2*b - 5*b**2 + 2 + 10*b**2 - 8*b**2 + 0*b. Determine z(1).
-3
Suppose -31 - 41 = 4*n. Let w(j) = 3*j + 59. Let k be w(n). Let a(f) be the second derivative of f**3/6 + 2*f**2 + 2*f. Determine a(k).
9
Let d(c) = c + 3. Let p(u) = 2*u + 2. Let o(j) = -2*j - 1. Let i(v) = 3*o(v) + 4*p(v). Let h be (-20)/(-4)*1*(-3 + 2). Let a(r) = h*d(r) + 3*i(r). What is a(5)?
5
Suppose 9*i + 106 = 115. Let l(f) = 6*f - 3. Calculate l(i).
3
Let f(v) = -3*v**2 - 8*v - 5726*v**3 + 5725*v**3 + 12*v**2. Give f(8).
0
Let z = -672 - -671. Let m(s) = 19*s**2 + 2*s + 3. Let w(j) = -j**2 - j - 1. Let t(x) = -m(x) - 3*w(x). Calculate t(z).
-17
Let c(b) = -b**2 + b - 5. Let w(p) = 4*p**2 - 21*p + 19. Let q(f) = 5*c(f) + w(f). Give q(-16).
-6
Let f(p) = -2*p + 3 + 0 + 4 - 2*p + 13. Calculate f(8).
-12
Let p be 1 - (2 - 1)/(-1). Suppose p*g + 0*g - 5 = c, -3*c = -4*g + 17. Let a(v) = -2*v - 5. Let t(d) = -5*d - 14. Let h(l) = c*a(l) + 2*t(l). What is h(-5)?
-13
Let l(u) be the first derivative of 4*u**3/3 + u**2 + 302. Calculate l(-2).
12
Suppose 3*d - 3*c = 4 + 5, 14 = 4*d - 2*c. Suppose 3 = -5*b - 7, -18 = d*r + b. Let j(i) = -i. Let f(x) = -10*x. Let u(z) = f(z) - 12*j(z). Determine u(r).
-8
Let f(n) = -n**3 - 7*n**2 - 6*n - 4. Let l be 2/(-1) + 69*1. Let v = l - 47. Suppose -3*p - 19 = 4*g + v, 4*g + 49 = -5*p. Give f(g).
-4
Let m = -40 + 44. Let c(b) be the second derivative of b**3/6 + b. Determine c(m).
4
Let t(i) = i**2 + 5*i + 1. Suppose 43*f - 38*f = -25. Calculate t(f).
1
Let d(p) = -2*p**3 + 5 - 3*p**2 - 11 + 0*p**2 + 2*p. Let t(a) = a**3 + 1. Suppose -5 = 3*s + 2*h, s = 2*h - 5 + 6. Let j(b) = s*d(b) - 4*t(b). What is j(2)?
-6
Let u be ((-15)/9*3)/(20/(-8)). Let m(p) = p**2 + p + 1. Calculate m(u).
7
Let u(j) = -j. Let a(q) be the third derivative of -q**5/10 + 5*q**4/24 + q**3/6 + 16*q**2. Let n(f) = a(f) + 5*u(f). Calculate n(-1).
-5
Let f(m) = -10*m. Let d(l) = -24*l - 6. Let q be d(4). Let x = -104 - q. Determine f(x).
20
Let u(m) = 20 + m - 9*m**2 - 38 + 8 + m**3. What is u(9)?
-1
Let o be 1/(-3)*-5*3. Suppose -7 - o = -3*v. Let w(z) = -z + 7. What is w(v)?
3
Let a(w) = 7*w**3 - 6*w**2 + 0*w - w - 5*w**2 - 6*w**3 + 2. Suppose -6*c + 16*c - 110 = 0. What is a(c)?
-9
Let v = -1801 - -1805. Let f(r) = -r - 1. Let k(n) = -n**2 + n - 3. Let j(m) = 3*f(m) - k(m). Determine j(v).
0
Let l be ((-58)/116)/(2 + 75/(-38)). Let b(i) = i**2 + 19*i + 1. Give b(l).
1
Let x(g) = -g**2 - 3*g - 2. Let n(c) = -c + 11. Let f be n(6). Suppose -4*b - b = -5*v + 25, -f*b = 3*v + 17. Let j be 1/(-1)*1 - v. Give x(j).
0
Let x(b) be the first derivative of -b**3/3 - 5*b**2 - 16*b - 208. Calculate x(-7).
5
Let g be 0 + -2 + (-3 - -7). Suppose 4*d = g*t, 3*t + 18 = -d - t. Let h(y) = -y**2 - 3*y - 3. Give h(d).
-1
Let w(h) = -4*h**2 + 4. Let n(d) = -8*d**2 + 7. Let s be (-252)/(-70) + 2/5. Let r(y) = s*n(y) - 7*w(y). Determine r(-1).
-4
Let g(z) = 20*z**2 + 11668*z**3 - 11667*z**3 + 12 - 3*z**2 - 16*z. Determine g(-18).
-24
Let s(u) be the first derivative of 7 - 1/2*u**2 - 6*u. Determine s(0).
-6
Let z be 2/(-9) + (-34)/9. Let p be (-8)/6*12/(-4). Let j(v) = 0 + 2 - 5*v - v**2 + 2 + p*v. Give j(z).
-8
Let s(c) = -6*c**3 - c - 29*c**2 + 28*c**2 + 0*c**3 - 1. Calculate s(-2).
45
Let z(v) be the third derivative of v**6/120 - v**5/6 + 5*v**4/12 - 13*v**3/6 - 26*v**2 - 2. What is z(9)?
-4
Let j = 27 + -11. Let o be 2 - (2 - 4 - 1). Suppose -o*w + w + j = 0. Let p(x) = -x**2 + 3*x + 3. What is p(w)?
-1
Let t(h) = 16*h + 3 - 41*h + 8*h - 1 + 15*h. What is t(-1)?
4
Let u(b) = -b**3 + 8*b**2 - 8*b + 8. Let h be ((-16)/(-10))/(21/15 + -1). Suppose 0 = -h*l + 38 - 10. Give u(l).
1
Let s(n) = -n**3 + 6*n**2 - n + 8. Let v(x) = x**3 + 9*x**2 + 4*x - 2. Let k be v(-7). Let a = k + -35. Suppose 5*j - a = -3. Determine s(j).
2
Let a(i) = i - 1. Suppose -o - p - 2 = 0, -3*o - 5*p = -8*o + 10. Suppose o = 5*c - w - 3*w - 40, -5*c - 4*w = 0. Give a(c).
3
Let v(i) = -i**2 - 9*i - 8. Let f(s) = 2. Let w(j) = -3*f(j) + v(j). Determine w(-6).
4
Let v(k) = -4*k**2 + 2*k + 2. Let x(g) = -g**2 + 1. Let m(b) = -v(b) + 5*x(b). Suppose 3*s - 27 = 5*p, 4*p + 35 = 5*s - 10. Suppose -3*i = -0*i - s. Give m(i).
-12
Let r(q) = q**3 + 4*q**2 + 3*q - 2. Let p(w) = w**2 + w + 4. Let l be p(0). Suppose 4*k = 2*o + k + 1, -l*o - 9 = k. Let d be 150/(-54) + o/9. Determine r(d).
-2
Suppose 0 = -122*t + 117*t + 35. Let z(q) = -q**2 + 6*q - 2. Determine z(t).
-9
Let u(m) = -m**3 + m + 1. Let t(d) = 5*d**3 + 4*d + 5. Let c(l) = t(l) - 5*u(l). What is c(-1)?
-9
Suppose -2*a = a - 2*s - 24, -24 = -3*a + 4*s. Let o = -5 + a. Let t(k) = 4*k - 93. Let n(m) = -4*m + 111. Let h(l) = -5*n(l) - 6*t(l). Calculate h(o).
-9
Let c(r) = -4*r**2 - 10*r**2 - 28*r**2 + 0 - 1 + r + 40*r**2. What is c(1)?
-2
Let p be (-6 - 0) + (-2 - -3 - 1). Let f(v) = -v**3 - 7*v**2 - 4*v + 6. Calculate f(p).
-6
Let y = -25 - -43. Suppose -13*i - 15 = -y*i. Suppose i*f + b = 3*b - 24, b = -5*f - 27. Let x(h) = 3*h + 9. Calculate x(f).
-9
Let d(l) = -6*l + 10. Let v(b) = 16*b - 28. Let i(z) = -14*d(z) - 5*v(z). Determine i(3).
12
Let k(c) be the second derivative of c**6/180 + c**5/60 - 3*c**4/2 + 13*c. Let r(p) be the third derivative of k(p). Calculate r(3).
14
Let j(v) = 8*v - 3. Let s(o) = o**2 + 32*o - 13. Let p(h) = 9*j(h) - 2*s(h). What is p(6)?
-25
Let t(a) = -a**3 - 7*a**2 - 4*a + 2. Let k be t(-6). Let z be 3/((5/k)/((-2)/12)). Let v(m) = 14*m**3 + 0 - 3*m**2 + 0 + 1 + m**2. What is v(z)?
13
Let a(x) be the third derivative of -1/12*x**5 + 0*x - 1/120*x**6 + 1/3*x**3 - 1/24*x**4 + 3*x**2 + 0. Let k be 4/6 - (-17)/(-3). What is a(k)?
7
Let v(c) = -c**3 - 6*c**2 + 5*c - 6. Let p be v(-7). Suppose 6*j + p = -28. Let k(y) = y**3 + 5*y**2 - 6*y - 7. What is k(j)?
-7
Suppose u + 35 = -5*p - 0*p, -5*u - 49 = 4*p. Suppose -14*v + 17*v = 9. Let h(k) = 7*k**2 + k**3 - 2*k + 8*k + 0*k**2 + v - 2. Give h(p).
1
Let p = 4 + -2. Let x(z) = -7*z - 2. Let r(k) = -k + 14 - 6 - 9. Let u(m) = -4*r(m) + x(m). Calculate u(p).
-4
Let w(l) = l - 2. Let x be w(5). Let p(b) be the first derivative of b**4/4 - 2*b**3/3 - b**2 + 2*b + 15. Give p(x).
5
Let a(c) be the first derivative of c**6/120 + c**5/15 - 7*c**4/24 - 2*c**3/3 + 3*c**2/2 - 7. Let k(f) be the second derivative of a(f). Give k(-5).
6
Let y(u) = u**3 + 4*u**2 + u - 1. Suppose 0 = -2*n - 3*j + 2, 0 = -2*n - n - 4*j + 4. Suppose 0 = 5*g - n*g. Suppose b = g, -r - 4*b + 12 = -4*r. What is y(r)?
-5
Let o(p) = p**3 + p**2 + p. Suppose 2*i = -5*s + 27 + 1, 3*i + 4*s - 35 = 0. Suppose 0 = -5*d + 4*m - 45, 5*m = 2*m. Let a = d + i. Calculate o(a).
0
Let s(a) = -10*a - 6. Let q be 3/9 + (-1 - 26/6). Determine s(q).
44
Let q be (-1 - 5/(-1)) + 2. Let v(u) be the first derivative of -u**3/6 - u**2 - 20*u + 32. Let n(l) be the first derivative of v(l). Calculate n(q).
-8
Suppose 259 - 239 = -4*x. Let s(q) = 2*q + 6. What is s(x)?
-4
Let x(z) = z + 1. Let f(k) = -k**2 + k - 1. Let q(c) = f(c) + x(c). Let d = -20 - 0. Let p = d - -22. Determine q(p).
